der when o(4) is divided by t(-4).
0
Suppose -200*y = -202*y - 4*t + 98, t = -2*y + 95. Calculate the remainder when 69 is divided by y.
22
Suppose 0 = 2*r - 4*z + 96, 0 = -r + 4*z + 15 - 59. Let u = -2 - r. Let d(h) = h**2 + 8*h - 1123. What is the remainder when u is divided by d(-38)?
16
Let b = 194 - 94. What is the remainder when b is divided by 6?
4
Let n be ((-2)/4)/(1/(-10)). Suppose -4 = -n*l + 2*g, -l = 2*l - 5*g + 9. Suppose 4*d - 2*h = 10, d + d = -4*h. What is the remainder when l is divided by d?
0
Suppose -3*p + 0*p - 2*s + 430 = 0, -3*p = -s - 415. Suppose -2*r + p = 2*z + 3*z, -3*z + 3*r + 63 = 0. Calculate the remainder when 103 is divided by z.
25
Suppose -139 = -5*c - 4*d, 3*c = 2*c + d + 35. Calculate the remainder when c is divided by 10.
1
Let d be (-4)/8*(2 - 2). Suppose 8*p - 13*p + 220 = d. What is the remainder when 216 is divided by p?
40
Let q(g) = 10*g**2 - 7*g + 6. Let o be q(5). Let i = 451 - o. Calculate the remainder when i is divided by 29.
27
Let l(f) = -3*f + 18. Calculate the remainder when l(0) is divided by 8.
2
Suppose m = -3*m - 20. Let b(d) = -d**2 - 4*d + 3. Let t be b(m). What is the remainder when 30 is divided by 19 + -3*(t + 3)?
14
Let p(i) = -i - 11. Let x be p(-15). Suppose x*q - 59 = 37. Calculate the remainder when 95 is divided by q.
23
Let n(r) = r**2 + 10*r - 22. Let t be n(-15). Calculate the remainder when (-3 + 9/(-3) + t)*1 is divided by 17.
13
Let q(b) = 2*b**3 - 5*b**2 + 5*b - 26. What is the remainder when q(5) is divided by 22?
14
Let y = -931 - -973. Calculate the remainder when 122 is divided by y.
38
What is the remainder when ((-92)/(-6))/((-1)/(-6)) is divided by ((-2)/((-20)/(-6)))/((-7)/280)?
20
Let d = 224 + -217. What is the remainder when 26 is divided by d?
5
Suppose -h + 4*x - 3 = 0, -5*x - 1 + 3 = -h. Let w(s) = -s**2 - 9*s - 3. What is the remainder when w(h) is divided by 4?
3
Let w(r) = -r - 6. Let k be w(-8). Suppose -m + 2*m = k. What is the remainder when 33 is divided by -2*(m - 3) - -7?
6
Let o = 8 - 6. Calculate the remainder when o - 19*-1*1 is divided by (-18)/((3/2 - 2) + -1).
9
Let o(l) = 27*l + 35. What is the remainder when o(5) is divided by 64?
42
Let y be (-20)/(-3)*-1*54/15. Let z = y - -32. Calculate the remainder when 14 is divided by z.
6
Suppose 10*d - 82 + 32 = 0. Calculate the remainder when 242 is divided by d.
2
Suppose -1649 + 417 = -2*k + 5*w, 2*k - 8*w - 1220 = 0. Calculate the remainder when k is divided by 45.
41
Let h(w) = 14*w**2 - 3*w + 22. Calculate the remainder when h(3) is divided by 9.
4
Suppose 4*x - 185 = p, p = -11*x + 7*x + 191. Calculate the remainder when x is divided by 26/(-4)*(5 + -7).
8
Suppose 0 = -5*h - 0*h + 5. Suppose -5*b = 4*y + 15, 2*y = -22*b + 19*b - 7. Calculate the remainder when b is divided by h.
0
Suppose -20*x + 250 = -270. What is the remainder when 87 is divided by x?
9
Suppose -2*p + 0*p = 8, 3*c + 3*p + 12 = 0. Suppose -3*q + 20 + 10 = c. Let t(b) = 2*b - 17. Calculate the remainder when t(q) is divided by 3.
0
Let x(u) = u**3 - 22*u**2 - 19*u + 2. Calculate the remainder when x(23) is divided by 55.
39
Suppose -1278 = -20*l + 2*l. Calculate the remainder when 113 is divided by l.
42
Suppose -5*c + 13 = -32. Let l be 0 - (-7)/((-21)/(-9)). Suppose 0 = -l*j + 51 - 3. What is the remainder when j is divided by c?
7
Suppose -2*n = -6 - 26. Let u = 46 - n. Suppose -2*g + 7*g = u. What is the remainder when g is divided by 3?
0
Suppose 0 = 4*p + o - 3, 0*p - 2*o = -p + 3. Suppose -4*s + 35 + 53 = 0. Calculate the remainder when s is divided by (-517)/(-44) + p/4.
10
Suppose -5*f - 189 = -324. What is the remainder when 36 is divided by f?
9
Suppose 153 = 11*j - 2*j. What is the remainder when 64 - (-2)/(1 + 1) is divided by j?
14
Suppose -2*b + b - j = -31, -2*b = 4*j - 70. Suppose -3*y + 9 = 0, 5*n = -y + b + 11. Calculate the remainder when 20 is divided by n.
6
Let c(o) = 4*o - 20. Let a be c(-2). Let v = -14 - a. Let t(j) = j**3 + 2*j**2 - 5*j - 2. Calculate the remainder when v is divided by t(-3).
2
Suppose q = 3*o - 10, 3*o = -o - 2*q. Suppose -o*a + 5*a = 165. Calculate the remainder when a is divided by ((-10)/(-2))/(70/196).
13
Let z = -1441 - -1470. Calculate the remainder when 99 is divided by z.
12
Let j(z) = -126*z + 64. What is the remainder when j(-5) is divided by 24?
22
Let s(t) = 14*t**2 + 91*t - 42. Calculate the remainder when s(-13) is divided by 127.
125
Let x = -43 + 44. Suppose -2*a - 6 = -3*q + q, 0 = 5*a + 5*q + 55. Let r = -4 - a. What is the remainder when r is divided by x?
0
Suppose 5*w = -2*i + 110, 0*i + 119 = 3*i - 4*w. Calculate the remainder when i is divided by 13.
6
Let z = 81 - 73. Let o(b) = -10*b + 13. What is the remainder when o(-8) is divided by z?
5
Let c be (-23205)/(-225) + (-2)/15. Let s = -13 + c. Suppose -2*d = -6*n + 2*n + s, n - 5*d = 27. Calculate the remainder when 86 is divided by n.
20
Suppose -10*o + 770 - 250 = 0. Suppose -q + 47 = 2*n, 3*n - o = -2*q + 40. What is the remainder when q is divided by 11?
10
What is the remainder when 23 is divided by 21 - 1/((-7)/(-63))?
11
Let z be ((-15)/(-10))/(3/6). Suppose z*w - 27 = -5*d, -2*d - 40 = -2*w - 6. Suppose -3*g + 2*g = -26. Calculate the remainder when g is divided by w.
12
Let s = 110 + 348. What is the remainder when s is divided by 22?
18
Suppose -4*s - 15 = s, -w - s = -10. Let p = -345 - -369. Calculate the remainder when p is divided by w.
11
Let w(v) = -3*v - 4. What is the remainder when 195 is divided by w(-5)?
8
Suppose -120*i + 117*i = -117. What is the remainder when 116 is divided by i?
38
Let y(h) = -h**3 - 2*h**2 - 5*h - 3. Suppose -10*i = -141 - 119. What is the remainder when y(-4) is divided by i?
23
Let k(t) = -t**3 + 6*t**2 + 2*t - 6. Suppose -2*r + 3*j = -2*j - 97, 3*r = -5*j + 133. Let l = r + -43. What is the remainder when k(6) is divided by l?
0
Suppose 8*p = 27 + 53. What is the remainder when 64 is divided by p?
4
Calculate the remainder when 522 is divided by (-205)/164 - 2091/(-12).
3
Let z be -3 + 1 + (-3 - -1). Let x(w) = -w**2 - 6*w - 1. Suppose -v = -u + 13 - 5, 3*u - 4*v - 27 = 0. What is the remainder when x(z) is divided by u?
2
Let h be 28/126 + (-34)/(-9). Suppose -4*g + 70 = -p, g + h*p = -0*p + 9. Suppose 20 + 10 = 3*q. What is the remainder when g is divided by q?
7
Suppose 0 = c - 0*c - 0*c. Suppose -3*r + 141 = 3*d, c*d = 4*r - 3*d - 167. Calculate the remainder when r is divided by 15.
14
Let q(g) = -g**2 + 26. Let h be q(-11). Let w = 104 + h. Suppose 2*y = 38 + 32. Calculate the remainder when y is divided by w.
8
Suppose 3*w + 363 = 4*r, -4*w + 478 = 5*r + 63. Suppose 2*j + r = 5*o, 64 = 4*o - 2*j - 6. Calculate the remainder when 69 - -1*2/(-1) is divided by o.
16
Suppose 3*t = -3, g - 19 - 10 = -t. Calculate the remainder when 81 is divided by g.
21
Suppose 5*f - f - 3*f = 0. Suppose 5*o + 27 - 182 = f. Suppose p = -2*p + 33. What is the remainder when o is divided by p?
9
Let w = 135 + -139. Suppose 3*r = 2*r - 38. Calculate the remainder when 73 is divided by w/(-2)*r/(-4).
16
Let u = 263 - 124. What is the remainder when u is divided by 13?
9
Let p(m) = 133*m**2 + 15*m + 16. Calculate the remainder when p(-1) is divided by 14.
8
Let d(u) be the second derivative of -u**4/6 + 5*u**3/3 + u**2 - 16*u. Calculate the remainder when 57 is divided by d(4).
7
Suppose 3*t = 408 + 18. Calculate the remainder when t is divided by 9.
7
What is the remainder when 626 is divided by 632/15 - (-19)/(2850/(-20))?
38
Calculate the remainder when (69/2)/(51/170) is divided by 109.
6
Let l = 196 + -126. Calculate the remainder when l is divided by 15.
10
Suppose -9*d + 123 = -111. Calculate the remainder when 41 is divided by d.
15
Suppose 2 = 2*r, 4*r - 51 - 964 = -3*s. Calculate the remainder when s is divided by 11.
7
Suppose 1 = -4*v - 15. Let z(s) = 7*s**2 - 8*s - 15. What is the remainder when z(v) is divided by 33?
30
Let o = -9 - -28. Suppose -9 = -o*s + 48. What is the remainder when 8 is divided by s?
2
Suppose 12 = 4*f, 0*f - 598 = -4*t + 2*f. Calculate the remainder when t is divided by 14.
11
Suppose 0 = -2*m - 2*b + 14, -2*m + b + 8 = 2*m. Let z(y) = 5*y + 1. What is the remainder when -4*4/16 + 48 is divided by z(m)?
15
Suppose -3*m + 4*v = -37, 0 